Last updated on 2023-10-01 05:05:55 CEST.
Flavor | Version | Tinstall | Tcheck | Ttotal | Status | Flags |
---|---|---|---|---|---|---|
r-devel-linux-x86_64-debian-clang | 2.2.1 | 9.32 | 108.82 | 118.14 | OK | |
r-devel-linux-x86_64-debian-gcc | 2.2.1 | 7.46 | 82.14 | 89.60 | OK | |
r-devel-linux-x86_64-fedora-clang | 2.2.1 | 154.59 | NOTE | |||
r-devel-linux-x86_64-fedora-gcc | 2.2.1 | 169.87 | OK | |||
r-devel-windows-x86_64 | 2.2.1 | 8.00 | 132.00 | 140.00 | NOTE | |
r-patched-linux-x86_64 | 2.2.1 | 12.38 | 108.65 | 121.03 | OK | |
r-release-linux-x86_64 | 2.2.1 | 10.29 | 110.61 | 120.90 | OK | |
r-release-macos-arm64 | 2.2.1 | 50.00 | NOTE | |||
r-release-macos-x86_64 | 2.2.1 | 110.00 | NOTE | |||
r-release-windows-x86_64 | 2.2.1 | 13.00 | 150.00 | 163.00 | NOTE | |
r-oldrel-macos-arm64 | 2.2.1 | 49.00 | NOTE | |||
r-oldrel-macos-x86_64 | 2.2.1 | 69.00 | NOTE | |||
r-oldrel-windows-x86_64 | 2.2.1 | 11.00 | 436.00 | 447.00 | NOTE |
Version: 2.2.1
Check: installed package size
Result: NOTE
installed size is 6.4Mb
sub-directories of 1Mb or more:
doc 5.3Mb
Flavors: r-devel-linux-x86_64-fedora-clang, r-devel-windows-x86_64, r-release-macos-arm64, r-release-macos-x86_64, r-release-windows-x86_64, r-oldrel-macos-arm64, r-oldrel-macos-x86_64, r-oldrel-windows-x86_64