CRAN Package Check Results for Package Tendril

Last updated on 2022-01-24 15:54:28 CET.

Flavor Version Tinstall Tcheck Ttotal Status Flags
r-devel-linux-x86_64-debian-clang 2.0.4 4.19 179.83 184.02 OK
r-devel-linux-x86_64-debian-gcc 2.0.4 3.42 133.09 136.51 OK
r-devel-linux-x86_64-fedora-clang 2.0.4 213.00 NOTE
r-devel-linux-x86_64-fedora-gcc 2.0.4 216.82 NOTE
r-devel-windows-x86_64-new-UL 2.0.4 24.00 212.00 236.00 OK
r-devel-windows-x86_64-new-TK 2.0.4 NOTE
r-patched-linux-x86_64 2.0.4 4.08 168.33 172.41 OK
r-release-linux-x86_64 2.0.4 2.67 168.68 171.35 OK
r-release-macos-arm64 2.0.4 NOTE
r-release-macos-x86_64 2.0.4 NOTE
r-release-windows-ix86+x86_64 2.0.4 8.00 197.00 205.00 OK
r-oldrel-macos-x86_64 2.0.4 NOTE
r-oldrel-windows-ix86+x86_64 2.0.4 10.00 214.00 224.00 OK

Check Details

Version: 2.0.4
Check: dependencies in R code
Result: NOTE
    Namespace in Imports field not imported from: ‘graphics’
     All declared Imports should be used.
Flavors: r-devel-linux-x86_64-fedora-clang, r-devel-linux-x86_64-fedora-gcc, r-devel-windows-x86_64-new-TK, r-release-macos-arm64, r-release-macos-x86_64, r-oldrel-macos-x86_64