CRAN Package Check Results for Package TcGSA

Last updated on 2021-10-26 02:56:47 CEST.

Flavor Version Tinstall Tcheck Ttotal Status Flags
r-devel-linux-x86_64-debian-clang 0.12.7 15.35 135.18 150.53 NOTE
r-devel-linux-x86_64-debian-gcc 0.12.7 13.07 102.42 115.49 NOTE
r-devel-linux-x86_64-fedora-clang 0.12.7 195.51 NOTE
r-devel-linux-x86_64-fedora-gcc 0.12.7 177.83 NOTE
r-devel-windows-x86_64 0.12.7 25.00 158.00 183.00 OK
r-devel-windows-x86_64-gcc10-UCRT 0.12.7 NOTE
r-patched-linux-x86_64 0.12.7 20.56 128.21 148.77 NOTE
r-patched-solaris-x86 0.12.7 255.10 NOTE
r-release-linux-x86_64 0.12.7 15.07 127.75 142.82 NOTE
r-release-macos-arm64 0.12.7 NOTE
r-release-macos-x86_64 0.12.7 OK
r-release-windows-ix86+x86_64 0.12.7 27.00 154.00 181.00 OK
r-oldrel-macos-x86_64 0.12.7 OK
r-oldrel-windows-ix86+x86_64 0.12.7 38.00 155.00 193.00 OK

Check Details

Version: 0.12.7
Check: package dependencies
Result: NOTE
    Package suggested but not available for checking: 'tcgsaseq'
Flavors: r-devel-linux-x86_64-debian-clang, r-devel-linux-x86_64-debian-gcc, r-devel-linux-x86_64-fedora-clang, r-devel-linux-x86_64-fedora-gcc, r-devel-windows-x86_64-gcc10-UCRT, r-patched-linux-x86_64, r-patched-solaris-x86, r-release-linux-x86_64

Version: 0.12.7
Check: Rd cross-references
Result: NOTE
    Unknown package 'tcgsaseq' in Rd xrefs
Flavors: r-devel-linux-x86_64-debian-clang, r-devel-linux-x86_64-debian-gcc, r-devel-linux-x86_64-fedora-clang, r-devel-linux-x86_64-fedora-gcc, r-devel-windows-x86_64-gcc10-UCRT, r-patched-linux-x86_64, r-patched-solaris-x86, r-release-linux-x86_64

Version: 0.12.7
Check: package dependencies
Result: NOTE
    Package suggested but not available for checking: ‘GEOquery’
Flavor: r-release-macos-arm64