CRAN Package Check Results for Package TVMM

Last updated on 2022-01-23 15:49:24 CET.

Flavor Version Tinstall Tcheck Ttotal Status Flags
r-devel-linux-x86_64-debian-clang 3.2.1 16.38 126.03 142.41 NOTE
r-devel-linux-x86_64-debian-gcc 3.2.1 13.88 103.03 116.91 NOTE
r-devel-linux-x86_64-fedora-clang 3.2.1 176.73 NOTE
r-devel-linux-x86_64-fedora-gcc 3.2.1 164.76 NOTE
r-devel-windows-x86_64-new-UL 3.2.1 25.00 430.00 455.00 NOTE
r-devel-windows-x86_64-new-TK 3.2.1 NOTE
r-patched-linux-x86_64 3.2.1 14.82 118.68 133.50 NOTE
r-release-linux-x86_64 3.2.1 15.10 119.74 134.84 NOTE
r-release-macos-arm64 3.2.1 NOTE
r-release-macos-x86_64 3.2.1 NOTE
r-release-windows-ix86+x86_64 3.2.1 33.00 125.00 158.00 NOTE
r-oldrel-macos-x86_64 3.2.1 OK
r-oldrel-windows-ix86+x86_64 3.2.1 31.00 128.00 159.00 OK

Check Details

Version: 3.2.1
Check: LazyData
Result: NOTE
     'LazyData' is specified without a 'data' directory
Flavors: r-devel-linux-x86_64-debian-clang, r-devel-linux-x86_64-debian-gcc, r-devel-linux-x86_64-fedora-clang, r-devel-linux-x86_64-fedora-gcc, r-devel-windows-x86_64-new-UL, r-devel-windows-x86_64-new-TK, r-patched-linux-x86_64, r-release-linux-x86_64, r-release-macos-arm64, r-release-macos-x86_64, r-release-windows-ix86+x86_64