Last updated on 2022-06-25 15:51:35 CEST.
Flavor | Version | Tinstall | Tcheck | Ttotal | Status | Flags |
---|---|---|---|---|---|---|
r-devel-linux-x86_64-debian-clang | 1.3.1 | 13.41 | 122.93 | 136.34 | OK | |
r-devel-linux-x86_64-debian-gcc | 1.3.1 | 9.72 | 90.51 | 100.23 | OK | |
r-devel-linux-x86_64-fedora-clang | 1.3.1 | 172.12 | NOTE | |||
r-devel-linux-x86_64-fedora-gcc | 1.3.1 | 169.87 | OK | |||
r-devel-windows-x86_64 | 1.3.1 | 31.00 | 139.00 | 170.00 | OK | |
r-patched-linux-x86_64 | 1.3.1 | 21.65 | 126.52 | 148.17 | OK | |
r-release-linux-x86_64 | 1.3.1 | 14.12 | 127.61 | 141.73 | OK | |
r-release-macos-arm64 | 1.3.1 | 81.00 | OK | |||
r-release-macos-x86_64 | 1.3.1 | 145.00 | OK | |||
r-release-windows-x86_64 | 1.3.1 | 36.00 | 137.00 | 173.00 | OK | |
r-oldrel-macos-arm64 | 1.3.1 | 128.00 | OK | |||
r-oldrel-macos-x86_64 | 1.3.1 | 120.00 | OK | |||
r-oldrel-windows-ix86+x86_64 | 1.3.1 | 30.00 | 138.00 | 168.00 | OK |
Version: 1.3.1
Check: Rd cross-references
Result: NOTE
Undeclared packages ‘fpc’, ‘clValid’, ‘clv’ in Rd xrefs
Flavor: r-devel-linux-x86_64-fedora-clang