CRAN Package Check Results for Package TSTutorial

Last updated on 2024-07-17 15:56:39 CEST.

Flavor Version Tinstall Tcheck Ttotal Status Flags
r-devel-linux-x86_64-debian-clang 1.2.7 13.26 57.41 70.67 NOTE
r-devel-linux-x86_64-debian-gcc 1.2.7 8.50 41.90 50.40 NOTE
r-devel-linux-x86_64-fedora-clang 1.2.7 86.18 NOTE
r-devel-linux-x86_64-fedora-gcc 1.2.7 92.66 NOTE
r-devel-windows-x86_64 1.2.7 10.00 68.00 78.00 NOTE
r-patched-linux-x86_64 1.2.7 9.02 55.07 64.09 NOTE
r-release-linux-x86_64 1.2.7 8.95 54.87 63.82 NOTE
r-release-macos-arm64 1.2.7 29.00 NOTE
r-release-macos-x86_64 1.2.7 49.00 NOTE
r-release-windows-x86_64 1.2.7 10.00 68.00 78.00 NOTE
r-oldrel-macos-arm64 1.2.7 45.00 OK
r-oldrel-macos-x86_64 1.2.7 98.00 OK
r-oldrel-windows-x86_64 1.2.7 10.00 68.00 78.00 OK

Check Details

Version: 1.2.7
Check: Rd files
Result: NOTE checkRd: (-1) TSTutorial.Rd:43: Lost braces 43 | \code{T}{: the laboratory is for students. It shows help texts and suggestions to teach the Box-Jenkins method.} | ^ checkRd: (-1) TSTutorial.Rd:45: Lost braces 45 | \code{F}{: the laboratory is for expert users. Only shows the basic information avoiding all the helps and suggestions. It is an useful tool for Time Series advanced users to avoid to write their own scripts.} | ^ checkRd: (-1) TSTutorial.Rd:49: Lost braces 49 | \code{report}{: a logical value indicating (with the value \code{T}) to the program to create a .pdf file with the name of the time series introduced in \code{TStutorial} and it is saved in the current working directory.} | ^ checkRd: (-1) TSTutorial.Rd:51: Lost braces 51 | \code{comment}{: a logical value inidicating (with the value \code{T}) to let to the user write comments during the session which will appear in the report. By default, and when report is \code{F}, its value is \code{F}.} | ^ checkRd: (-1) TSTutorial.Rd:53: Lost braces 53 | \code{files}{: a logical value inidicating (with the value \code{T}) to not delete the files which are created during the report building process. In this case, the only file created will be the .pdf file . By default, and when report is \code{F}, its value is \code{F}.} | ^ checkRd: (-1) TSTutorial.Rd:57: Lost braces 57 | \code{fil}{: a logical value indicating (with the value \code{T}) whether the user set a new .tex file introduced in \code{name}. By default is \code{F}.} | ^ checkRd: (-1) TSTutorial.Rd:59: Lost braces 59 | \code{name}{: the name of the .tex file which the head of the report is to be read from. By default is \code{NULL}.} | ^ checkRd: (-1) TSTutorial.Rd:61: Lost braces 61 | \code{maingraph}{: The size of the graphics that are plotted in one column.} | ^ checkRd: (-1) TSTutorial.Rd:63: Lost braces 63 | \code{twograph}{: The size of the graphics that are plotted in two columns.} | ^ Flavors: r-devel-linux-x86_64-debian-clang, r-devel-linux-x86_64-debian-gcc, r-devel-linux-x86_64-fedora-clang, r-devel-linux-x86_64-fedora-gcc, r-devel-windows-x86_64, r-patched-linux-x86_64, r-release-linux-x86_64, r-release-macos-arm64, r-release-macos-x86_64, r-release-windows-x86_64