CRAN Package Check Results for Package TSS.RESTREND

Last updated on 2021-10-26 15:51:29 CEST.

Flavor Version Tinstall Tcheck Ttotal Status Flags
r-devel-linux-x86_64-debian-clang 0.3.1 10.48 80.08 90.56 OK
r-devel-linux-x86_64-debian-gcc 0.3.1 7.73 60.42 68.15 OK
r-devel-linux-x86_64-fedora-clang 0.3.1 121.38 NOTE
r-devel-linux-x86_64-fedora-gcc 0.3.1 106.06 OK
r-devel-windows-x86_64 0.3.1 16.00 102.00 118.00 OK
r-devel-windows-x86_64-gcc10-UCRT 0.3.1 OK
r-patched-linux-x86_64 0.3.1 10.46 77.28 87.74 OK
r-patched-solaris-x86 0.3.1 147.50 OK
r-release-linux-x86_64 0.3.1 10.35 75.86 86.21 OK
r-release-macos-arm64 0.3.1 OK
r-release-macos-x86_64 0.3.1 OK
r-release-windows-ix86+x86_64 0.3.1 17.00 102.00 119.00 OK
r-oldrel-macos-x86_64 0.3.1 OK
r-oldrel-windows-ix86+x86_64 0.3.1 25.00 301.00 326.00 OK

Check Details

Version: 0.3.1
Check: Rd cross-references
Result: NOTE
    Undeclared package ‘gimms’ in Rd xrefs
Flavor: r-devel-linux-x86_64-fedora-clang