CRAN Package Check Results for Package TSGSIS

Last updated on 2022-01-22 03:57:00 CET.

Flavor Version Tinstall Tcheck Ttotal Status Flags
r-devel-linux-x86_64-debian-clang 0.1 6.96 88.39 95.35 NOTE
r-devel-linux-x86_64-debian-gcc 0.1 5.28 68.88 74.16 NOTE
r-devel-linux-x86_64-fedora-clang 0.1 117.25 NOTE
r-devel-linux-x86_64-fedora-gcc 0.1 106.02 NOTE
r-devel-windows-x86_64-new-UL 0.1 16.00 107.00 123.00 NOTE
r-devel-windows-x86_64-new-TK 0.1 NOTE
r-patched-linux-x86_64 0.1 6.52 87.00 93.52 NOTE
r-release-linux-x86_64 0.1 6.68 86.35 93.03 NOTE
r-release-macos-arm64 0.1 NOTE
r-release-macos-x86_64 0.1 NOTE
r-release-windows-ix86+x86_64 0.1 16.00 101.00 117.00 NOTE
r-oldrel-macos-x86_64 0.1 OK
r-oldrel-windows-ix86+x86_64 0.1 17.00 101.00 118.00 OK

Check Details

Version: 0.1
Check: LazyData
Result: NOTE
     'LazyData' is specified without a 'data' directory
Flavors: r-devel-linux-x86_64-debian-clang, r-devel-linux-x86_64-debian-gcc, r-devel-linux-x86_64-fedora-clang, r-devel-linux-x86_64-fedora-gcc, r-devel-windows-x86_64-new-UL, r-devel-windows-x86_64-new-TK, r-patched-linux-x86_64, r-release-linux-x86_64, r-release-macos-arm64, r-release-macos-x86_64, r-release-windows-ix86+x86_64