Last updated on 2023-02-06 15:57:31 CET.
Flavor | Version | Tinstall | Tcheck | Ttotal | Status | Flags |
---|---|---|---|---|---|---|
r-devel-linux-x86_64-debian-clang | 1.0.4 | 31.01 | 81.82 | 112.83 | OK | |
r-devel-linux-x86_64-debian-gcc | 1.0.4 | 27.42 | 61.58 | 89.00 | OK | |
r-devel-linux-x86_64-fedora-clang | 1.0.4 | 147.38 | OK | |||
r-devel-linux-x86_64-fedora-gcc | 1.0.4 | 148.66 | OK | |||
r-devel-windows-x86_64 | 1.0.4 | 37.00 | 371.00 | 408.00 | OK | |
r-patched-linux-x86_64 | 1.0.4 | 30.66 | 80.49 | 111.15 | OK | |
r-release-linux-x86_64 | 1.0.4 | 28.89 | 77.71 | 106.60 | OK | |
r-release-macos-arm64 | 1.0.4 | 63.00 | NOTE | |||
r-release-macos-x86_64 | 1.0.4 | 73.00 | OK | |||
r-release-windows-x86_64 | 1.0.4 | 40.00 | 242.00 | 282.00 | OK | |
r-oldrel-macos-arm64 | 1.0.4 | 67.00 | NOTE | |||
r-oldrel-macos-x86_64 | 1.0.4 | 74.00 | OK | |||
r-oldrel-windows-ix86+x86_64 | 1.0.4 | 48.00 | 119.00 | 167.00 | OK |
Version: 1.0.4
Check: installed package size
Result: NOTE
installed size is 5.3Mb
sub-directories of 1Mb or more:
data 5.1Mb
Flavors: r-release-macos-arm64, r-oldrel-macos-arm64