CRAN Package Check Results for Package TOSTER

Last updated on 2023-04-02 03:51:47 CEST.

Flavor Version Tinstall Tcheck Ttotal Status Flags
r-devel-linux-x86_64-debian-clang 0.6.0 31.91 860.50 892.41 OK
r-devel-linux-x86_64-debian-gcc 0.6.0 24.77 490.07 514.84 OK
r-devel-linux-x86_64-fedora-clang 0.6.0 1053.71 OK
r-devel-linux-x86_64-fedora-gcc 0.6.0 1014.93 OK
r-devel-windows-x86_64 0.6.0 44.00 710.00 754.00 OK
r-patched-linux-x86_64 0.6.0 24.79 761.80 786.59 OK
r-release-linux-x86_64 0.6.0 21.96 758.34 780.30 OK
r-release-macos-arm64 0.6.0 190.00 OK
r-release-macos-x86_64 0.6.0 279.00 OK
r-release-windows-x86_64 0.6.0 48.00 578.00 626.00 OK
r-oldrel-macos-arm64 0.6.0 188.00 OK
r-oldrel-macos-x86_64 0.6.0 285.00 OK
r-oldrel-windows-ix86+x86_64 0.6.0 53.00 868.00 921.00 ERROR

Check Details

Version: 0.6.0
Check: PDF version of manual
Result: WARN
    LaTeX errors when creating PDF version.
    This typically indicates Rd problems.
    LaTeX errors found:
    ! Package inputenc Error: Unicode char â<c2><80><c2><90> (U+2010)
    (inputenc) not set up for use with LaTeX.
    
    See the inputenc package documentation for explanation.
    Type H <return> for immediate help.
    ! Package inputenc Error: Unicode char â<c2><80><c2><90> (U+2010)
    (inputenc) not set up for use with LaTeX.
    
    See the inputenc package documentation for explanation.
    Type H <return> for immediate help.
    ! Package inputenc Error: Unicode char â<c2><80><c2><90> (U+2010)
    (inputenc) not set up for use with LaTeX.
    
    See the inputenc package documentation for explanation.
    Type H <return> for immediate help.
    ! Package inputenc Error: Unicode char â<c2><80><c2><90> (U+2010)
    (inputenc) not set up for use with LaTeX.
    
    See the inputenc package documentation for explanation.
    Type H <return> for immediate help.
    ! Package inputenc Error: Unicode char â<c2><80><c2><90> (U+2010)
    (inputenc) not set up for use with LaTeX.
    
    See the inputenc package documentation for explanation.
    Type H <return> for immediate help.
    ! Package inputenc Error: Unicode char â<c2><80><c2><90> (U+2010)
    (inputenc) not set up for use with LaTeX.
    
    See the inputenc package documentation for explanation.
    Type H <return> for immediate help.
    ! Package inputenc Error: Unicode char â<c2><80><c2><90> (U+2010)
    (inputenc) not set up for use with LaTeX.
    
    See the inputenc package documentation for explanation.
    Type H <return> for immediate help.
    ! Package inputenc Error: Unicode char â<c2><80><c2><90> (U+2010)
    (inputenc) not set up for use with LaTeX.
    
    See the inputenc package documentation for explanation.
    Type H <return> for immediate help.
Flavor: r-oldrel-windows-ix86+x86_64

Version: 0.6.0
Check: PDF version of manual without hyperrefs or index
Result: ERROR
Flavor: r-oldrel-windows-ix86+x86_64