CRAN Package Check Results for Package TMB

Last updated on 2021-12-07 16:49:52 CET.

Flavor Version Tinstall Tcheck Ttotal Status Flags
r-devel-linux-x86_64-debian-clang 1.7.22 70.96 83.89 154.85 OK
r-devel-linux-x86_64-debian-gcc 1.7.22 59.81 66.05 125.86 OK
r-devel-linux-x86_64-fedora-clang 1.7.22 213.81 NOTE
r-devel-linux-x86_64-fedora-gcc 1.7.22 195.33 OK
r-devel-windows-x86_64-new-UL 1.7.22 103.00 125.00 228.00 NOTE
r-devel-windows-x86_64-new-TK 1.7.22 OK
r-devel-windows-x86_64-old 1.7.22 84.00 220.00 304.00 NOTE
r-patched-linux-x86_64 1.7.22 65.44 84.20 149.64 OK
r-release-linux-x86_64 1.7.22 63.39 83.21 146.60 OK
r-release-macos-arm64 1.7.22 NOTE
r-release-macos-x86_64 1.7.22 NOTE
r-release-windows-ix86+x86_64 1.7.22 110.00 123.00 233.00 NOTE
r-oldrel-macos-x86_64 1.7.22 NOTE
r-oldrel-windows-ix86+x86_64 1.7.22 153.00 124.00 277.00 NOTE

Check Details

Version: 1.7.22
Check: installed package size
Result: NOTE
     installed size is 16.0Mb
     sub-directories of 1Mb or more:
     examples 12.5Mb
     include 3.0Mb
Flavors: r-devel-linux-x86_64-fedora-clang, r-devel-windows-x86_64-new-UL, r-devel-windows-x86_64-old, r-release-macos-arm64, r-release-macos-x86_64, r-release-windows-ix86+x86_64, r-oldrel-macos-x86_64, r-oldrel-windows-ix86+x86_64