CRAN Package Check Results for Package TITAN2

Last updated on 2021-10-26 15:51:29 CEST.

Flavor Version Tinstall Tcheck Ttotal Status Flags
r-devel-linux-x86_64-debian-clang 2.4.1 9.08 115.49 124.57 OK
r-devel-linux-x86_64-debian-gcc 2.4.1 7.44 83.67 91.11 OK
r-devel-linux-x86_64-fedora-clang 2.4.1 156.91 NOTE
r-devel-linux-x86_64-fedora-gcc 2.4.1 141.31 NOTE
r-devel-windows-x86_64 2.4.1 14.00 152.00 166.00 OK
r-devel-windows-x86_64-gcc10-UCRT 2.4.1 NOTE
r-patched-linux-x86_64 2.4.1 14.51 98.76 113.27 OK
r-patched-solaris-x86 2.4.1 179.50 NOTE
r-release-linux-x86_64 2.4.1 7.68 97.80 105.48 OK
r-release-macos-arm64 2.4.1 NOTE
r-release-macos-x86_64 2.4.1 NOTE
r-release-windows-ix86+x86_64 2.4.1 14.00 483.00 497.00 OK
r-oldrel-macos-x86_64 2.4.1 NOTE
r-oldrel-windows-ix86+x86_64 2.4.1 21.00 137.00 158.00 OK

Check Details

Version: 2.4.1
Check: dependencies in R code
Result: NOTE
    Namespace in Imports field not imported from: ‘snow’
     All declared Imports should be used.
Flavors: r-devel-linux-x86_64-fedora-clang, r-devel-linux-x86_64-fedora-gcc, r-devel-windows-x86_64-gcc10-UCRT, r-patched-solaris-x86, r-release-macos-arm64, r-release-macos-x86_64, r-oldrel-macos-x86_64