CRAN Package Check Results for Package TIMP

Last updated on 2022-01-20 03:55:45 CET.

Flavor Version Tinstall Tcheck Ttotal Status Flags
r-devel-linux-x86_64-debian-clang 1.13.2 NOTE
r-devel-linux-x86_64-debian-gcc 1.13.2 19.21 124.70 143.91 NOTE
r-devel-linux-x86_64-fedora-clang 1.13.2 227.20 NOTE
r-devel-linux-x86_64-fedora-gcc 1.13.2 213.32 NOTE
r-devel-windows-x86_64-new-UL 1.13.2 104.00 190.00 294.00 OK
r-devel-windows-x86_64-new-TK 1.13.2 OK
r-patched-linux-x86_64 1.13.2 18.32 159.61 177.93 NOTE
r-release-linux-x86_64 1.13.2 NOTE
r-release-macos-arm64 1.13.2 OK
r-release-macos-x86_64 1.13.2 OK
r-release-windows-ix86+x86_64 1.13.2 41.00 253.00 294.00 OK
r-oldrel-macos-x86_64 1.13.2 OK
r-oldrel-windows-ix86+x86_64 1.13.2 42.00 257.00 299.00 OK

Check Details

Version: 1.13.2
Check: for non-standard things in the check directory
Result: NOTE
    Found the following files/directories:
     '_paramEst.txt'
Flavors: r-devel-linux-x86_64-debian-clang, r-devel-linux-x86_64-debian-gcc, r-devel-linux-x86_64-fedora-clang, r-devel-linux-x86_64-fedora-gcc, r-patched-linux-x86_64, r-release-linux-x86_64