CRAN Package Check Results for Package TBRDist

Last updated on 2021-12-01 03:55:43 CET.

Flavor Version Tinstall Tcheck Ttotal Status Flags
r-devel-linux-x86_64-debian-clang 1.0.2 42.82 114.69 157.51 NOTE
r-devel-linux-x86_64-debian-gcc 1.0.2 38.24 104.58 142.82 NOTE
r-devel-linux-x86_64-fedora-clang 1.0.2 229.46 NOTE
r-devel-linux-x86_64-fedora-gcc 1.0.2 206.21 NOTE
r-devel-windows-x86_64-new-UL 1.0.2 63.00 240.00 303.00 NOTE
r-devel-windows-x86_64-new-TK 1.0.2 NOTE
r-devel-windows-x86_64-old 1.0.2 62.00 129.00 191.00 NOTE
r-patched-linux-x86_64 1.0.2 41.52 113.49 155.01 NOTE
r-patched-solaris-x86 1.0.2 300.10 NOTE
r-release-linux-x86_64 1.0.2 38.51 114.56 153.07 NOTE
r-release-macos-arm64 1.0.2 NOTE
r-release-macos-x86_64 1.0.2 NOTE
r-release-windows-ix86+x86_64 1.0.2 111.00 294.00 405.00 NOTE
r-oldrel-macos-x86_64 1.0.2 NOTE
r-oldrel-windows-ix86+x86_64 1.0.2 81.00 209.00 290.00 OK

Check Details

Version: 1.0.2
Check: LazyData
Result: NOTE
     'LazyData' is specified without a 'data' directory
Flavors: r-devel-linux-x86_64-debian-clang, r-devel-linux-x86_64-debian-gcc, r-devel-linux-x86_64-fedora-clang, r-devel-linux-x86_64-fedora-gcc, r-devel-windows-x86_64-new-UL, r-devel-windows-x86_64-new-TK, r-devel-windows-x86_64-old, r-patched-linux-x86_64, r-patched-solaris-x86, r-release-linux-x86_64, r-release-macos-arm64, r-release-macos-x86_64, r-release-windows-ix86+x86_64

Version: 1.0.2
Check: installed package size
Result: NOTE
     installed size is 6.4Mb
     sub-directories of 1Mb or more:
     libs 6.3Mb
Flavors: r-release-macos-arm64, r-release-macos-x86_64, r-oldrel-macos-x86_64