Last updated on 2025-01-25 03:50:09 CET.
Flavor | Version | Tinstall | Tcheck | Ttotal | Status | Flags |
---|---|---|---|---|---|---|
r-devel-linux-x86_64-debian-clang | 0.1.2 | 156.93 | 164.83 | 321.76 | NOTE | |
r-devel-linux-x86_64-debian-gcc | 0.1.2 | 115.36 | 116.96 | 232.32 | NOTE | |
r-devel-linux-x86_64-fedora-clang | 0.1.2 | 562.83 | NOTE | |||
r-devel-linux-x86_64-fedora-gcc | 0.1.2 | 600.72 | NOTE | |||
r-devel-windows-x86_64 | 0.1.2 | 158.00 | 290.00 | 448.00 | NOTE | |
r-patched-linux-x86_64 | 0.1.2 | 156.17 | 153.36 | 309.53 | NOTE | |
r-release-linux-x86_64 | 0.1.2 | 164.25 | 153.36 | 317.61 | NOTE | |
r-release-macos-arm64 | 0.1.2 | 114.00 | NOTE | |||
r-release-macos-x86_64 | 0.1.2 | 139.00 | NOTE | |||
r-release-windows-x86_64 | 0.1.2 | 154.00 | 186.00 | 340.00 | NOTE | |
r-oldrel-macos-arm64 | 0.1.2 | 147.00 | NOTE | |||
r-oldrel-macos-x86_64 | 0.1.2 | 260.00 | NOTE | |||
r-oldrel-windows-x86_64 | 0.1.2 | 195.00 | 380.00 | 575.00 | NOTE |
Version: 0.1.2
Check: C++ specification
Result: NOTE
Specified C++11: please drop specification unless essential
Flavors: r-devel-linux-x86_64-debian-clang, r-devel-linux-x86_64-debian-gcc, r-devel-linux-x86_64-fedora-clang, r-devel-linux-x86_64-fedora-gcc, r-devel-windows-x86_64, r-patched-linux-x86_64, r-release-linux-x86_64, r-release-macos-arm64, r-release-macos-x86_64, r-release-windows-x86_64, r-oldrel-macos-arm64, r-oldrel-macos-x86_64, r-oldrel-windows-x86_64
Version: 0.1.2
Check: installed package size
Result: NOTE
installed size is 11.5Mb
sub-directories of 1Mb or more:
libs 11.0Mb
Flavors: r-release-macos-arm64, r-release-macos-x86_64, r-oldrel-macos-arm64, r-oldrel-macos-x86_64