CRAN Package Check Results for Package SurvMI

Last updated on 2024-07-17 15:56:38 CEST.

Flavor Version Tinstall Tcheck Ttotal Status Flags
r-devel-linux-x86_64-debian-clang 0.1.0 8.08 97.22 105.30 NOTE
r-devel-linux-x86_64-debian-gcc 0.1.0 6.70 71.24 77.94 NOTE
r-devel-linux-x86_64-fedora-clang 0.1.0 131.74 NOTE
r-devel-linux-x86_64-fedora-gcc 0.1.0 128.23 NOTE
r-devel-windows-x86_64 0.1.0 8.00 90.00 98.00 NOTE
r-patched-linux-x86_64 0.1.0 8.24 92.09 100.33 NOTE
r-release-linux-x86_64 0.1.0 7.19 92.06 99.25 NOTE
r-release-macos-arm64 0.1.0 37.00 NOTE
r-release-macos-x86_64 0.1.0 54.00 NOTE
r-release-windows-x86_64 0.1.0 8.00 91.00 99.00 NOTE
r-oldrel-macos-arm64 0.1.0 43.00 NOTE
r-oldrel-macos-x86_64 0.1.0 66.00 NOTE
r-oldrel-windows-x86_64 0.1.0 10.00 101.00 111.00 NOTE

Check Details

Version: 0.1.0
Check: LazyData
Result: NOTE 'LazyData' is specified without a 'data' directory Flavors: r-devel-linux-x86_64-debian-clang, r-devel-linux-x86_64-debian-gcc, r-devel-linux-x86_64-fedora-clang, r-devel-linux-x86_64-fedora-gcc, r-devel-windows-x86_64, r-patched-linux-x86_64, r-release-linux-x86_64, r-release-macos-arm64, r-release-macos-x86_64, r-release-windows-x86_64, r-oldrel-macos-arm64, r-oldrel-macos-x86_64, r-oldrel-windows-x86_64

Version: 0.1.0
Check: dependencies in R code
Result: NOTE Namespace in Imports field not imported from: ‘base’ All declared Imports should be used. Flavors: r-devel-linux-x86_64-fedora-clang, r-devel-linux-x86_64-fedora-gcc