Last updated on 2023-03-24 03:54:32 CET.
Flavor | Version | Tinstall | Tcheck | Ttotal | Status | Flags |
---|---|---|---|---|---|---|
r-devel-linux-x86_64-debian-clang | 2.8 | 42.99 | 309.35 | 352.34 | OK | |
r-devel-linux-x86_64-debian-gcc | 2.8 | 36.96 | 227.38 | 264.34 | OK | |
r-devel-linux-x86_64-fedora-clang | 2.8 | 443.28 | OK | |||
r-devel-linux-x86_64-fedora-gcc | 2.8 | 447.78 | OK | |||
r-devel-windows-x86_64 | 2.8 | 110.00 | 521.00 | 631.00 | OK | |
r-patched-linux-x86_64 | 2.8 | 43.98 | 283.60 | 327.58 | OK | |
r-release-linux-x86_64 | 2.8 | 38.76 | 279.09 | 317.85 | OK | |
r-release-macos-arm64 | 2.8 | 72.00 | ERROR | |||
r-release-macos-x86_64 | 2.8 | 137.00 | ERROR | |||
r-release-windows-x86_64 | 2.8 | 148.00 | 439.00 | 587.00 | OK | |
r-oldrel-macos-arm64 | 2.8 | 77.00 | ERROR | |||
r-oldrel-macos-x86_64 | 2.8 | 140.00 | ERROR | |||
r-oldrel-windows-ix86+x86_64 | 2.8 | 75.00 | 326.00 | 401.00 | OK |
Version: 2.8
Check: PDF version of manual
Result: WARN
LaTeX errors when creating PDF version.
This typically indicates Rd problems.
LaTeX errors found:
! Undefined control sequence.
<argument> ...! \perp T_1 | \tilde {S}_1 \; \text
{and} \; \tilde {S}_1 \per...
l.3472 ...perp \!\!\! \perp T_0 | \tilde{S}_0 .}{}
This can informally be
Flavors: r-release-macos-arm64, r-release-macos-x86_64
Version: 2.8
Check: PDF version of manual without index
Result: ERROR
Flavors: r-release-macos-arm64, r-release-macos-x86_64
Version: 2.8
Check: PDF version of manual
Result: WARN
LaTeX errors when creating PDF version.
This typically indicates Rd problems.
LaTeX errors found:
! Undefined control sequence.
<argument> ...! \perp T_1 | \tilde {S}_1 \; \text
{and} \; \tilde {S}_1 \per...
l.3471 ...perp \!\!\! \perp T_0 | \tilde{S}_0 .}{}
This can informally be
Flavors: r-oldrel-macos-arm64, r-oldrel-macos-x86_64
Version: 2.8
Check: PDF version of manual without hyperrefs or index
Result: ERROR
Flavors: r-oldrel-macos-arm64, r-oldrel-macos-x86_64