Last updated on 2023-02-04 16:56:03 CET.
Flavor | Version | Tinstall | Tcheck | Ttotal | Status | Flags |
---|---|---|---|---|---|---|
r-devel-linux-x86_64-debian-clang | 2.0.3 | 101.59 | 227.11 | 328.70 | OK | |
r-devel-linux-x86_64-debian-gcc | 2.0.3 | 72.90 | 169.08 | 241.98 | OK | |
r-devel-linux-x86_64-fedora-clang | 2.0.3 | 416.12 | OK | |||
r-devel-linux-x86_64-fedora-gcc | 2.0.3 | 396.02 | OK | |||
r-devel-windows-x86_64 | 2.0.3 | 140.00 | 270.00 | 410.00 | OK | |
r-patched-linux-x86_64 | 2.0.3 | 69.00 | 221.79 | 290.79 | OK | |
r-release-linux-x86_64 | 2.0.3 | 77.63 | 217.73 | 295.36 | OK | |
r-release-macos-arm64 | 2.0.3 | 162.00 | NOTE | |||
r-release-macos-x86_64 | 2.0.3 | 171.00 | NOTE | |||
r-release-windows-x86_64 | 2.0.3 | 101.00 | 263.00 | 364.00 | OK | |
r-oldrel-macos-arm64 | 2.0.3 | 178.00 | NOTE | |||
r-oldrel-macos-x86_64 | 2.0.3 | 162.00 | NOTE | |||
r-oldrel-windows-ix86+x86_64 | 2.0.3 | 206.00 | 314.00 | 520.00 | OK |
Version: 2.0.3
Check: installed package size
Result: NOTE
installed size is 7.7Mb
sub-directories of 1Mb or more:
libs 6.9Mb
Flavors: r-release-macos-arm64, r-release-macos-x86_64, r-oldrel-macos-arm64, r-oldrel-macos-x86_64