CRAN Package Check Results for Package SuperGauss

Last updated on 2024-03-02 02:48:52 CET.

Flavor Version Tinstall Tcheck Ttotal Status Flags
r-devel-linux-x86_64-debian-clang 2.0.3 93.23 186.43 279.66 OK
r-devel-linux-x86_64-debian-gcc 2.0.3 76.86 169.54 246.40 OK
r-devel-linux-x86_64-fedora-clang 2.0.3 367.66 OK
r-devel-linux-x86_64-fedora-gcc 2.0.3 434.27 OK
r-devel-windows-x86_64 2.0.3 80.00 203.00 283.00 OK
r-patched-linux-x86_64 2.0.3 94.27 219.69 313.96 OK
r-release-linux-x86_64 2.0.3 96.85 224.53 321.38 OK
r-release-macos-arm64 2.0.3 186.00 NOTE
r-release-macos-x86_64 2.0.3 276.00 NOTE
r-release-windows-x86_64 2.0.3 99.00 258.00 357.00 OK
r-oldrel-macos-arm64 2.0.3 174.00 NOTE
r-oldrel-windows-x86_64 2.0.3 86.00 234.00 320.00 OK

Check Details

Version: 2.0.3
Check: installed package size
Result: NOTE installed size is 7.7Mb sub-directories of 1Mb or more: libs 6.9Mb Flavors: r-release-macos-arm64, r-release-macos-x86_64, r-oldrel-macos-arm64