Last updated on 2023-02-01 03:54:29 CET.
Flavor | Version | Tinstall | Tcheck | Ttotal | Status | Flags |
---|---|---|---|---|---|---|
r-devel-linux-x86_64-debian-clang | 0.2.1 | 512.04 | 284.33 | 796.37 | NOTE | |
r-devel-linux-x86_64-debian-gcc | 0.2.1 | 416.43 | 205.48 | 621.91 | NOTE | |
r-devel-linux-x86_64-fedora-clang | 0.2.1 | 1223.16 | NOTE | |||
r-devel-linux-x86_64-fedora-gcc | 0.2.1 | 1052.87 | NOTE | |||
r-devel-windows-x86_64 | 0.2.1 | 423.00 | 302.00 | 725.00 | NOTE | |
r-patched-linux-x86_64 | 0.2.1 | 449.92 | 269.82 | 719.74 | OK | |
r-release-linux-x86_64 | 0.2.1 | 427.23 | 269.80 | 697.03 | OK | |
r-release-macos-arm64 | 0.2.1 | 237.00 | NOTE | |||
r-release-macos-x86_64 | 0.2.1 | 304.00 | NOTE | |||
r-release-windows-x86_64 | 0.2.1 | 487.00 | 371.00 | 858.00 | OK | |
r-oldrel-macos-arm64 | 0.2.1 | 239.00 | NOTE | |||
r-oldrel-macos-x86_64 | 0.2.1 | 300.00 | NOTE | |||
r-oldrel-windows-ix86+x86_64 | 0.2.1 | 1253.00 | 400.00 | 1653.00 | OK |
Version: 0.2.1
Check: C++ specification
Result: NOTE
Specified C++11: please update to current default of C++17
Flavors: r-devel-linux-x86_64-debian-clang, r-devel-linux-x86_64-debian-gcc, r-devel-linux-x86_64-fedora-clang, r-devel-linux-x86_64-fedora-gcc, r-devel-windows-x86_64
Version: 0.2.1
Check: installed package size
Result: NOTE
installed size is 12.2Mb
sub-directories of 1Mb or more:
libs 11.2Mb
Flavors: r-release-macos-arm64, r-release-macos-x86_64, r-oldrel-macos-arm64, r-oldrel-macos-x86_64