CRAN Package Check Results for Package StroupGLMM

Last updated on 2021-10-17 03:52:20 CEST.

Flavor Version Tinstall Tcheck Ttotal Status Flags
r-devel-linux-x86_64-debian-clang 0.1.0 14.64 133.51 148.15 OK
r-devel-linux-x86_64-debian-gcc 0.1.0 11.74 102.37 114.11 OK
r-devel-linux-x86_64-fedora-clang 0.1.0 191.28 NOTE
r-devel-linux-x86_64-fedora-gcc 0.1.0 176.20 NOTE
r-devel-windows-x86_64 0.1.0 25.00 174.00 199.00 OK
r-devel-windows-x86_64-gcc10-UCRT 0.1.0 NOTE
r-patched-linux-x86_64 0.1.0 14.37 128.07 142.44 OK
r-patched-solaris-x86 0.1.0 262.40 NOTE
r-release-linux-x86_64 0.1.0 14.14 126.87 141.01 OK
r-release-macos-arm64 0.1.0 NOTE
r-release-macos-x86_64 0.1.0 NOTE
r-release-windows-ix86+x86_64 0.1.0 38.00 168.00 206.00 OK
r-oldrel-macos-x86_64 0.1.0 NOTE
r-oldrel-windows-ix86+x86_64 0.1.0 41.00 169.00 210.00 OK

Check Details

Version: 0.1.0
Check: dependencies in R code
Result: NOTE
    Namespaces in Imports field not imported from:
     ‘broom’ ‘car’ ‘lmerTest’ ‘pbkrtest’
     All declared Imports should be used.
Flavors: r-devel-linux-x86_64-fedora-clang, r-devel-linux-x86_64-fedora-gcc, r-devel-windows-x86_64-gcc10-UCRT, r-patched-solaris-x86, r-release-macos-arm64, r-release-macos-x86_64, r-oldrel-macos-x86_64