CRAN Package Check Results for Package StanHeaders

Last updated on 2021-10-22 15:53:22 CEST.

Flavor Version Tinstall Tcheck Ttotal Status Flags
r-devel-linux-x86_64-debian-clang 2.21.0-7 27.37 475.20 502.57 OK
r-devel-linux-x86_64-debian-gcc 2.21.0-7 20.25 370.47 390.72 OK
r-devel-linux-x86_64-fedora-clang 2.21.0-7 652.52 NOTE
r-devel-linux-x86_64-fedora-gcc 2.21.0-7 664.05 OK
r-devel-windows-x86_64 2.21.0-7 56.00 558.00 614.00 NOTE
r-devel-windows-x86_64-gcc10-UCRT 2.21.0-7 OK
r-patched-linux-x86_64 2.21.0-7 22.00 493.89 515.89 OK
r-patched-solaris-x86 2.21.0-7 1346.10 NOTE
r-release-linux-x86_64 2.21.0-7 20.37 488.30 508.67 OK
r-release-macos-arm64 2.21.0-7 NOTE
r-release-macos-x86_64 2.21.0-7 NOTE
r-release-windows-ix86+x86_64 2.21.0-7 78.00 630.00 708.00 NOTE
r-oldrel-macos-x86_64 2.21.0-7 NOTE
r-oldrel-windows-ix86+x86_64 2.21.0-7 100.00 599.00 699.00 NOTE

Check Details

Version: 2.21.0-7
Check: installed package size
Result: NOTE
     installed size is 13.9Mb
     sub-directories of 1Mb or more:
     include 10.7Mb
     lib 3.0Mb
Flavors: r-devel-linux-x86_64-fedora-clang, r-devel-windows-x86_64, r-patched-solaris-x86, r-release-macos-arm64, r-release-macos-x86_64, r-release-windows-ix86+x86_64, r-oldrel-macos-x86_64, r-oldrel-windows-ix86+x86_64