CRAN Package Check Results for Package SqlRender

Last updated on 2022-01-24 15:54:27 CET.

Flavor Version Tinstall Tcheck Ttotal Status Flags
r-devel-linux-x86_64-debian-clang 1.8.3 3.43 80.17 83.60 OK
r-devel-linux-x86_64-debian-gcc 1.8.3 3.40 62.47 65.87 OK
r-devel-linux-x86_64-fedora-clang 1.8.3 104.05 OK
r-devel-linux-x86_64-fedora-gcc 1.8.3 96.70 OK
r-devel-windows-x86_64-new-UL 1.8.3 54.00 121.00 175.00 OK
r-devel-windows-x86_64-new-TK 1.8.3 OK
r-patched-linux-x86_64 1.8.3 3.45 77.76 81.21 OK
r-release-linux-x86_64 1.8.3 4.31 78.07 82.38 OK
r-release-macos-arm64 1.8.3 OK
r-release-macos-x86_64 1.8.3 WARN --as-cran
r-release-windows-ix86+x86_64 1.8.3 10.00 97.00 107.00 OK
r-oldrel-macos-x86_64 1.8.1 OK
r-oldrel-windows-ix86+x86_64 1.8.3 11.00 99.00 110.00 OK

Check Details

Version: 1.8.3
Flags: --as-cran
Check: CRAN incoming feasibility
Result: WARN
    Maintainer: ‘Martijn Schuemie <schuemie@ohdsi.org>’
    
    Insufficient package version (submitted: 1.8.3, existing: 1.8.3)
    
    Days since last update: 1
Flavor: r-release-macos-x86_64

Version: 1.8.3
Flags: --as-cran
Check: top-level files
Result: NOTE
    Files ‘README.md’ or ‘NEWS.md’ cannot be checked without ‘pandoc’ being installed.
Flavor: r-release-macos-x86_64

Version: 1.8.3
Flags: --as-cran
Check: sizes of PDF files under ‘inst/doc’
Result: NOTE
    Unable to find GhostScript executable to run checks on size reduction
Flavor: r-release-macos-x86_64