CRAN Package Check Results for Package SplitReg

Last updated on 2024-03-02 02:48:52 CET.

Flavor Version Tinstall Tcheck Ttotal Status Flags
r-devel-linux-x86_64-debian-clang 1.0.2 42.40 43.15 85.55 OK
r-devel-linux-x86_64-debian-gcc 1.0.2 35.19 30.94 66.13 OK
r-devel-linux-x86_64-fedora-clang 1.0.2 120.74 OK
r-devel-linux-x86_64-fedora-gcc 1.0.2 119.75 OK
r-devel-windows-x86_64 1.0.2 40.00 66.00 106.00 NOTE
r-patched-linux-x86_64 1.0.2 41.96 42.76 84.72 OK
r-release-linux-x86_64 1.0.2 41.69 42.61 84.30 OK
r-release-macos-arm64 1.0.2 39.00 OK
r-release-macos-x86_64 1.0.2 62.00 OK
r-release-windows-x86_64 1.0.2 47.00 75.00 122.00 NOTE
r-oldrel-macos-arm64 1.0.2 41.00 OK
r-oldrel-windows-x86_64 1.0.2 39.00 78.00 117.00 OK

Check Details

Version: 1.0.2
Check: C++ specification
Result: NOTE Specified C++11: please drop specification unless essential Flavors: r-devel-windows-x86_64, r-release-windows-x86_64