Last updated on 2023-02-05 15:55:28 CET.
Flavor | Version | Tinstall | Tcheck | Ttotal | Status | Flags |
---|---|---|---|---|---|---|
r-devel-linux-x86_64-debian-clang | 1.0.5 | 124.44 | 33.71 | 158.15 | OK | |
r-devel-linux-x86_64-debian-gcc | 1.0.5 | 92.53 | 26.15 | 118.68 | OK | |
r-devel-linux-x86_64-fedora-clang | 1.0.5 | 228.79 | OK | |||
r-devel-linux-x86_64-fedora-gcc | 1.0.5 | 208.07 | OK | |||
r-devel-windows-x86_64 | 1.0.5 | 101.00 | 84.00 | 185.00 | NOTE | |
r-patched-linux-x86_64 | 1.0.5 | 87.85 | 33.84 | 121.69 | OK | |
r-release-linux-x86_64 | 1.0.5 | 94.35 | 33.88 | 128.23 | OK | |
r-release-macos-arm64 | 1.0.5 | 52.00 | NOTE | |||
r-release-macos-x86_64 | 1.0.5 | 71.00 | NOTE | |||
r-release-windows-x86_64 | 1.0.5 | 98.00 | 89.00 | 187.00 | OK | |
r-oldrel-macos-arm64 | 1.0.5 | 56.00 | NOTE | |||
r-oldrel-macos-x86_64 | 1.0.5 | 80.00 | NOTE | |||
r-oldrel-windows-ix86+x86_64 | 1.0.5 | 275.00 | 96.00 | 371.00 | OK |
Version: 1.0.5
Check: C++ specification
Result: NOTE
Specified C++11: please update to current default of C++17
Flavor: r-devel-windows-x86_64
Version: 1.0.5
Check: installed package size
Result: NOTE
installed size is 5.5Mb
sub-directories of 1Mb or more:
libs 5.4Mb
Flavors: r-release-macos-arm64, r-release-macos-x86_64, r-oldrel-macos-arm64, r-oldrel-macos-x86_64