CRAN Package Check Results for Package SpatialEpi

Last updated on 2022-06-28 15:53:29 CEST.

Flavor Version Tinstall Tcheck Ttotal Status Flags
r-devel-linux-x86_64-debian-clang 1.2.7 66.12 309.99 376.11 NOTE
r-devel-linux-x86_64-debian-gcc 1.2.7 55.16 227.68 282.84 NOTE
r-devel-linux-x86_64-fedora-clang 1.2.7 468.53 NOTE
r-devel-linux-x86_64-fedora-gcc 1.2.7 462.85 NOTE
r-devel-windows-x86_64 1.2.7 86.00 361.00 447.00 NOTE
r-patched-linux-x86_64 1.2.7 62.73 299.39 362.12 OK
r-release-linux-x86_64 1.2.7 65.75 298.11 363.86 OK
r-release-macos-arm64 1.2.7 123.00 OK
r-release-macos-x86_64 1.2.7 144.00 OK
r-release-windows-x86_64 1.2.7 89.00 381.00 470.00 OK
r-oldrel-macos-arm64 1.2.7 115.00 OK
r-oldrel-macos-x86_64 1.2.7 148.00 OK
r-oldrel-windows-ix86+x86_64 1.2.7 177.00 594.00 771.00 OK

Check Details

Version: 1.2.7
Check: Rd files
Result: NOTE
    checkRd: (-1) grid2latlong.Rd:22: Escaped LaTeX specials: \$
    checkRd: (-1) latlong2grid.Rd:22: Escaped LaTeX specials: \$
Flavors: r-devel-linux-x86_64-debian-clang, r-devel-linux-x86_64-debian-gcc, r-devel-linux-x86_64-fedora-clang, r-devel-linux-x86_64-fedora-gcc, r-devel-windows-x86_64