Last updated on 2022-06-25 15:51:33 CEST.
Flavor | Version | Tinstall | Tcheck | Ttotal | Status | Flags |
---|---|---|---|---|---|---|
r-devel-linux-x86_64-debian-clang | 0.12-0 | 71.26 | 58.28 | 129.54 | NOTE | |
r-devel-linux-x86_64-debian-gcc | 0.12-0 | 55.13 | 44.39 | 99.52 | NOTE | |
r-devel-linux-x86_64-fedora-clang | 0.12-0 | 195.58 | NOTE | |||
r-devel-linux-x86_64-fedora-gcc | 0.12-0 | 173.92 | NOTE | |||
r-devel-windows-x86_64 | 0.12-0 | 76.00 | 144.00 | 220.00 | OK | |
r-patched-linux-x86_64 | 0.12-0 | 55.75 | 54.75 | 110.50 | NOTE | |
r-release-linux-x86_64 | 0.12-0 | 59.65 | 55.18 | 114.83 | NOTE | |
r-release-macos-arm64 | 0.12-0 | 54.00 | OK | |||
r-release-macos-x86_64 | 0.12-0 | 72.00 | OK | |||
r-release-windows-x86_64 | 0.12-0 | 90.00 | 142.00 | 232.00 | OK | |
r-oldrel-macos-arm64 | 0.12-0 | 61.00 | OK | |||
r-oldrel-macos-x86_64 | 0.12-0 | 67.00 | OK | |||
r-oldrel-windows-ix86+x86_64 | 0.12-0 | 176.00 | 181.00 | 357.00 | OK |
Version: 0.12-0
Check: package dependencies
Result: NOTE
Package suggested but not available for checking: 'RandomFields'
Flavors: r-devel-linux-x86_64-debian-clang, r-devel-linux-x86_64-debian-gcc, r-devel-linux-x86_64-fedora-clang, r-devel-linux-x86_64-fedora-gcc, r-patched-linux-x86_64, r-release-linux-x86_64