CRAN Package Check Results for Package SpaCCr

Last updated on 2021-10-16 15:51:01 CEST.

Flavor Version Tinstall Tcheck Ttotal Status Flags
r-devel-linux-x86_64-debian-clang 0.1.0 33.88 90.08 123.96 OK
r-devel-linux-x86_64-debian-gcc 0.1.0 24.50 66.20 90.70 OK
r-devel-linux-x86_64-fedora-clang 0.1.0 167.93 NOTE
r-devel-linux-x86_64-fedora-gcc 0.1.0 146.04 NOTE
r-devel-windows-x86_64 0.1.0 44.00 88.00 132.00 OK
r-devel-windows-x86_64-gcc10-UCRT 0.1.0 OK
r-patched-linux-x86_64 0.1.0 29.42 83.11 112.53 OK
r-patched-solaris-x86 0.1.0 174.40 OK
r-release-linux-x86_64 0.1.0 28.18 82.84 111.02 OK
r-release-macos-arm64 0.1.0 OK
r-release-macos-x86_64 0.1.0 OK
r-release-windows-ix86+x86_64 0.1.0 85.00 200.00 285.00 OK
r-oldrel-macos-x86_64 0.1.0 OK
r-oldrel-windows-ix86+x86_64 0.1.0 86.00 200.00 286.00 OK

Check Details

Version: 0.1.0
Check: compiled code
Result: NOTE
    File ‘SpaCCr/libs/SpaCCr.so’:
     Found no calls to: ‘R_registerRoutines’, ‘R_useDynamicSymbols’
    
    It is good practice to register native routines and to disable symbol
    search.
    
    See ‘Writing portable packages’ in the ‘Writing R Extensions’ manual.
Flavors: r-devel-linux-x86_64-fedora-clang, r-devel-linux-x86_64-fedora-gcc