CRAN Package Check Results for Package SmallCountRounding

Last updated on 2024-07-17 03:49:34 CEST.

Flavor Version Tinstall Tcheck Ttotal Status Flags
r-devel-linux-x86_64-debian-clang 1.0.3 10.73 107.47 118.20 NOTE
r-devel-linux-x86_64-debian-gcc 1.0.3 8.54 77.82 86.36 NOTE
r-devel-linux-x86_64-fedora-clang 1.0.3 148.95 NOTE
r-devel-linux-x86_64-fedora-gcc 1.0.3 153.53 NOTE
r-devel-windows-x86_64 1.0.3 10.00 95.00 105.00 NOTE
r-patched-linux-x86_64 1.0.3 12.21 101.41 113.62 NOTE
r-release-linux-x86_64 1.0.3 6.89 101.75 108.64 NOTE
r-release-macos-arm64 1.0.3 45.00 NOTE
r-release-macos-x86_64 1.0.3 74.00 NOTE
r-release-windows-x86_64 1.0.3 10.00 92.00 102.00 NOTE
r-oldrel-macos-arm64 1.0.3 50.00 OK
r-oldrel-macos-x86_64 1.0.3 83.00 OK
r-oldrel-windows-x86_64 1.0.3 13.00 114.00 127.00 OK

Check Details

Version: 1.0.3
Check: Rd files
Result: NOTE checkRd: (-1) aggrtab.Rd:14: Lost braces 14 | \item{d}{A list d{[[j]]} whose elements are vectors of variable names from A defining marginal tables/cubes | ^ checkRd: (-1) aggrtab.Rd:24: Lost braces; missing escapes or markup? 24 | D = {D[[j]]} of marginal tables/cubes of A spesified by the list d = d{[[j]]} generated | ^ checkRd: (-1) aggrtab.Rd:24: Lost braces 24 | D = {D[[j]]} of marginal tables/cubes of A spesified by the list d = d{[[j]]} generated | ^ checkRd: (-1) makeroundtabs.Rd:31: Lost braces 31 | \item{d}{A list d{[[j]]} whose elements are vectors of variable names from A defining marginal tables/cubes D | ^ checkRd: (-1) redcube.Rd:15: Lost braces 15 | \item{d}{A list d{[[j]]} whose elements are vectors of variable names from A defining marginal tables/cubes D | ^ Flavors: r-devel-linux-x86_64-debian-clang, r-devel-linux-x86_64-debian-gcc, r-devel-linux-x86_64-fedora-clang, r-devel-linux-x86_64-fedora-gcc, r-devel-windows-x86_64, r-patched-linux-x86_64, r-release-linux-x86_64, r-release-macos-arm64, r-release-macos-x86_64, r-release-windows-x86_64

Version: 1.0.3
Check: Rd cross-references
Result: NOTE Found the following Rd file(s) with Rd \link{} targets missing package anchors: PLSrounding.Rd: ModelMatrix PLSroundingFits.Rd: Mipf, Extend0 RoundViaDummy.Rd: ModelMatrix, AutoHierarchies, Reduce0exact, Formula2ModelMatrix SmallCountData.Rd: SSBtoolsData, Hrc2DimList Please provide package anchors for all Rd \link{} targets not in the package itself and the base packages. Flavor: r-devel-windows-x86_64