Last updated on 2023-01-31 15:56:03 CET.
Flavor | Version | Tinstall | Tcheck | Ttotal | Status | Flags |
---|---|---|---|---|---|---|
r-devel-linux-x86_64-debian-clang | 2.0-5 | 5.36 | 272.51 | 277.87 | NOTE | |
r-devel-linux-x86_64-debian-gcc | 2.0-5 | 3.72 | 201.96 | 205.68 | NOTE | |
r-devel-linux-x86_64-fedora-clang | 2.0-5 | 341.78 | NOTE | |||
r-devel-linux-x86_64-fedora-gcc | 2.0-5 | 346.27 | NOTE | |||
r-devel-windows-x86_64 | 2.0-5 | 120.00 | 523.00 | 643.00 | NOTE | |
r-patched-linux-x86_64 | 2.0-5 | 7.16 | 251.31 | 258.47 | OK | |
r-release-linux-x86_64 | 2.0-5 | 4.38 | 197.96 | 202.34 | OK | |
r-release-macos-arm64 | 2.0-5 | 89.00 | OK | |||
r-release-macos-x86_64 | 2.0-5 | 119.00 | OK | |||
r-release-windows-x86_64 | 2.0-5 | 87.00 | 525.00 | 612.00 | OK | |
r-oldrel-macos-arm64 | 2.0-5 | 137.00 | OK | |||
r-oldrel-macos-x86_64 | 2.0-5 | 239.00 | OK | |||
r-oldrel-windows-ix86+x86_64 | 2.0-5 | 11.00 | 399.00 | 410.00 | OK |
Version: 2.0-5
Check: Rd files
Result: NOTE
checkRd: (-1) ex0723.Rd:29: Escaped LaTeX specials: \&
checkRd: (-1) ex0915.Rd:25: Escaped LaTeX specials: \&
checkRd: (-1) ex1515.Rd:4: Escaped LaTeX specials: \&
Flavors: r-devel-linux-x86_64-debian-clang, r-devel-linux-x86_64-debian-gcc, r-devel-linux-x86_64-fedora-clang, r-devel-linux-x86_64-fedora-gcc, r-devel-windows-x86_64