CRAN Package Check Results for Package SimTimeVar

Last updated on 2022-01-23 15:49:21 CET.

Flavor Version Tinstall Tcheck Ttotal Status Flags
r-devel-linux-x86_64-debian-clang 1.0.0 4.48 45.57 50.05 OK
r-devel-linux-x86_64-debian-gcc 1.0.0 3.51 40.09 43.60 OK
r-devel-linux-x86_64-fedora-clang 1.0.0 61.22 NOTE
r-devel-linux-x86_64-fedora-gcc 1.0.0 49.57 NOTE
r-devel-windows-x86_64-new-UL 1.0.0 35.00 71.00 106.00 OK
r-devel-windows-x86_64-new-TK 1.0.0 ERROR
r-patched-linux-x86_64 1.0.0 4.15 44.14 48.29 OK
r-release-linux-x86_64 1.0.0 3.12 44.22 47.34 OK
r-release-macos-arm64 1.0.0 NOTE
r-release-macos-x86_64 1.0.0 NOTE
r-release-windows-ix86+x86_64 1.0.0 11.00 57.00 68.00 OK
r-oldrel-macos-x86_64 1.0.0 NOTE
r-oldrel-windows-ix86+x86_64 1.0.0 12.00 62.00 74.00 OK

Check Details

Version: 1.0.0
Check: dependencies in R code
Result: NOTE
    Namespace in Imports field not imported from: ‘metafor’
     All declared Imports should be used.
Flavors: r-devel-linux-x86_64-fedora-clang, r-devel-linux-x86_64-fedora-gcc, r-release-macos-arm64, r-release-macos-x86_64, r-oldrel-macos-x86_64

Version: 1.0.0
Check: package dependencies
Result: ERROR
    Package required but not available: 'car'
    
    See section 'The DESCRIPTION file' in the 'Writing R Extensions'
    manual.
Flavor: r-devel-windows-x86_64-new-TK