CRAN Package Check Results for Package SimSurvey

Last updated on 2021-10-26 15:51:26 CEST.

Flavor Version Tinstall Tcheck Ttotal Status Flags
r-devel-linux-x86_64-debian-clang 0.1.3 31.43 290.46 321.89 NOTE
r-devel-linux-x86_64-debian-gcc 0.1.3 25.27 211.91 237.18 NOTE
r-devel-linux-x86_64-fedora-clang 0.1.3 381.47 NOTE
r-devel-linux-x86_64-fedora-gcc 0.1.3 369.43 NOTE
r-devel-windows-x86_64 0.1.3 45.00 323.00 368.00 OK
r-devel-windows-x86_64-gcc10-UCRT 0.1.3 NOTE
r-patched-linux-x86_64 0.1.3 31.94 272.62 304.56 NOTE
r-patched-solaris-x86 0.1.3 428.10 NOTE
r-release-linux-x86_64 0.1.3 26.29 272.78 299.07 NOTE
r-release-macos-arm64 0.1.3 NOTE
r-release-macos-x86_64 0.1.3 NOTE
r-release-windows-ix86+x86_64 0.1.3 49.00 319.00 368.00 OK
r-oldrel-macos-x86_64 0.1.3 NOTE
r-oldrel-windows-ix86+x86_64 0.1.3 34.00 192.00 226.00 OK

Check Details

Version: 0.1.3
Check: package dependencies
Result: NOTE
    Package suggested but not available for checking: 'INLA'
Flavors: r-devel-linux-x86_64-debian-clang, r-devel-linux-x86_64-debian-gcc, r-devel-windows-x86_64-gcc10-UCRT, r-patched-linux-x86_64, r-patched-solaris-x86, r-release-linux-x86_64, r-release-macos-arm64, r-release-macos-x86_64, r-oldrel-macos-x86_64

Version: 0.1.3
Check: dependencies in R code
Result: NOTE
    Namespaces in Imports field not imported from:
     ‘rgeos’ ‘sp’
     All declared Imports should be used.
Flavors: r-devel-linux-x86_64-fedora-clang, r-devel-linux-x86_64-fedora-gcc, r-devel-windows-x86_64-gcc10-UCRT, r-patched-solaris-x86, r-release-macos-arm64, r-release-macos-x86_64, r-oldrel-macos-x86_64