Last updated on 2023-02-02 15:54:44 CET.
Flavor | Version | Tinstall | Tcheck | Ttotal | Status | Flags |
---|---|---|---|---|---|---|
r-devel-linux-x86_64-debian-clang | 0.2.2 | 31.21 | 468.72 | 499.93 | OK | |
r-devel-linux-x86_64-debian-gcc | 0.2.2 | 26.31 | 339.66 | 365.97 | OK | |
r-devel-linux-x86_64-fedora-clang | 0.2.2 | 587.90 | NOTE | |||
r-devel-linux-x86_64-fedora-gcc | 0.2.2 | 600.88 | OK | |||
r-devel-windows-x86_64 | 0.2.2 | 334.00 | 531.00 | 865.00 | OK | |
r-patched-linux-x86_64 | 0.2.2 | 30.83 | 430.03 | 460.86 | OK | |
r-release-linux-x86_64 | 0.2.2 | 29.64 | 409.84 | 439.48 | OK | |
r-release-macos-arm64 | 0.2.2 | 143.00 | OK | |||
r-release-macos-x86_64 | 0.2.2 | 264.00 | OK | |||
r-release-windows-x86_64 | 0.2.2 | 285.00 | 485.00 | 770.00 | OK | |
r-oldrel-macos-arm64 | 0.2.2 | 189.00 | OK | |||
r-oldrel-macos-x86_64 | 0.2.2 | 252.00 | OK | |||
r-oldrel-windows-ix86+x86_64 | 0.2.2 | 57.00 | 499.00 | 556.00 | OK |
Version: 0.2.2
Check: Rd cross-references
Result: NOTE
Undeclared packages ‘BinNonNor’, ‘PoisNor’, ‘PoisBinOrdNor’, ‘PoisBinOrdNonNor’ in Rd xrefs
Flavor: r-devel-linux-x86_64-fedora-clang