Last updated on 2022-07-04 15:54:53 CEST.
Flavor | Version | Tinstall | Tcheck | Ttotal | Status | Flags |
---|---|---|---|---|---|---|
r-devel-linux-x86_64-debian-clang | 0.3.9 | 81.39 | 41.69 | 123.08 | NOTE | |
r-devel-linux-x86_64-debian-gcc | 0.3.9 | 61.34 | 33.10 | 94.44 | NOTE | |
r-devel-linux-x86_64-fedora-clang | 0.3.9 | 195.29 | NOTE | |||
r-devel-linux-x86_64-fedora-gcc | 0.3.9 | 177.06 | NOTE | |||
r-devel-windows-x86_64 | 0.3.9 | 65.00 | 87.00 | 152.00 | NOTE | |
r-patched-linux-x86_64 | 0.3.9 | 62.86 | 40.00 | 102.86 | NOTE | |
r-release-linux-x86_64 | 0.3.9 | 73.89 | 39.90 | 113.79 | NOTE | |
r-release-macos-arm64 | 0.3.9 | 50.00 | NOTE | |||
r-release-macos-x86_64 | 0.3.9 | 66.00 | NOTE | |||
r-release-windows-x86_64 | 0.3.9 | 77.00 | 89.00 | 166.00 | NOTE | |
r-oldrel-macos-arm64 | 0.3.9 | 50.00 | NOTE | |||
r-oldrel-macos-x86_64 | 0.3.9 | 67.00 | NOTE | |||
r-oldrel-windows-ix86+x86_64 | 0.3.9 | 186.00 | 111.00 | 297.00 | NOTE |
Version: 0.3.9
Check: for GNU extensions in Makefiles
Result: NOTE
GNU make is a SystemRequirements.
Flavors: r-devel-linux-x86_64-debian-clang, r-devel-linux-x86_64-debian-gcc, r-devel-linux-x86_64-fedora-clang, r-devel-linux-x86_64-fedora-gcc, r-devel-windows-x86_64, r-patched-linux-x86_64, r-release-linux-x86_64, r-release-macos-arm64, r-release-macos-x86_64, r-release-windows-x86_64, r-oldrel-macos-arm64, r-oldrel-macos-x86_64, r-oldrel-windows-ix86+x86_64
Version: 0.3.9
Check: installed package size
Result: NOTE
installed size is 5.7Mb
sub-directories of 1Mb or more:
libs 5.3Mb
Flavors: r-release-macos-arm64, r-release-macos-x86_64, r-oldrel-macos-arm64, r-oldrel-macos-x86_64