CRAN Package Check Results for Package SimDesign

Last updated on 2022-01-16 02:49:42 CET.

Flavor Version Tinstall Tcheck Ttotal Status Flags
r-devel-linux-x86_64-debian-clang 2.8 10.26 118.12 128.38 OK
r-devel-linux-x86_64-debian-gcc 2.8 8.31 97.24 105.55 OK
r-devel-linux-x86_64-fedora-clang 2.8 151.84 NOTE
r-devel-linux-x86_64-fedora-gcc 2.8 128.74 OK
r-devel-windows-x86_64-new-UL 2.8 102.00 176.00 278.00 NOTE
r-devel-windows-x86_64-new-TK 2.8 OK
r-patched-linux-x86_64 2.8 9.59 118.21 127.80 OK
r-release-linux-x86_64 2.8 10.16 117.80 127.96 OK
r-release-macos-arm64 2.8 NOTE
r-release-macos-x86_64 2.8 NOTE
r-release-windows-ix86+x86_64 2.8 22.00 152.00 174.00 NOTE
r-oldrel-macos-x86_64 2.8 NOTE
r-oldrel-windows-ix86+x86_64 2.8 23.00 151.00 174.00 NOTE

Check Details

Version: 2.8
Check: installed package size
Result: NOTE
     installed size is 5.7Mb
     sub-directories of 1Mb or more:
     doc 5.2Mb
Flavors: r-devel-linux-x86_64-fedora-clang, r-devel-windows-x86_64-new-UL, r-release-macos-arm64, r-release-macos-x86_64, r-release-windows-ix86+x86_64, r-oldrel-macos-x86_64, r-oldrel-windows-ix86+x86_64

Version: 2.8
Check: package dependencies
Result: NOTE
    Package suggested but not available for checking: ‘doMPI’
Flavors: r-release-macos-arm64, r-release-macos-x86_64, r-oldrel-macos-x86_64