CRAN Package Check Results for Package ShiftConvolvePoibin

Last updated on 2022-05-19 15:53:31 CEST.

Flavor Version Tinstall Tcheck Ttotal Status Flags
r-devel-linux-x86_64-debian-clang 1.0.0 4.13 31.18 35.31 NOTE
r-devel-linux-x86_64-debian-gcc 1.0.0 4.56 24.32 28.88 NOTE
r-devel-linux-x86_64-fedora-clang 1.0.0 44.55 NOTE
r-devel-linux-x86_64-fedora-gcc 1.0.0 45.86 NOTE
r-devel-windows-x86_64 1.0.0 37.00 48.00 85.00 NOTE
r-patched-linux-x86_64 1.0.0 6.02 31.22 37.24 NOTE
r-release-linux-x86_64 1.0.0 5.15 30.21 35.36 NOTE
r-release-macos-arm64 1.0.0 16.00 NOTE
r-release-macos-x86_64 1.0.0 21.00 NOTE
r-release-windows-x86_64 1.0.0 12.00 44.00 56.00 NOTE
r-oldrel-macos-arm64 1.0.0 23.00 NOTE
r-oldrel-macos-x86_64 1.0.0 27.00 NOTE
r-oldrel-windows-ix86+x86_64 1.0.0 27.00 43.00 70.00 NOTE

Check Details

Version: 1.0.0
Check: LazyData
Result: NOTE
     'LazyData' is specified without a 'data' directory
Flavors: r-devel-linux-x86_64-debian-clang, r-devel-linux-x86_64-debian-gcc, r-devel-linux-x86_64-fedora-clang, r-devel-linux-x86_64-fedora-gcc, r-devel-windows-x86_64, r-patched-linux-x86_64, r-release-linux-x86_64, r-release-macos-arm64, r-release-macos-x86_64, r-release-windows-x86_64, r-oldrel-macos-arm64, r-oldrel-macos-x86_64, r-oldrel-windows-ix86+x86_64