CRAN Package Check Results for Package Semblance

Last updated on 2022-01-23 15:49:21 CET.

Flavor Version Tinstall Tcheck Ttotal Status Flags
r-devel-linux-x86_64-debian-clang 1.1.0 11.29 115.08 126.37 NOTE
r-devel-linux-x86_64-debian-gcc 1.1.0 10.98 99.18 110.16 NOTE
r-devel-linux-x86_64-fedora-clang 1.1.0 151.22 NOTE
r-devel-linux-x86_64-fedora-gcc 1.1.0 136.75 NOTE
r-devel-windows-x86_64-new-UL 1.1.0 25.00 125.00 150.00 NOTE
r-devel-windows-x86_64-new-TK 1.1.0 NOTE
r-patched-linux-x86_64 1.1.0 10.07 105.40 115.47 NOTE
r-release-linux-x86_64 1.1.0 10.46 105.60 116.06 NOTE
r-release-macos-arm64 1.1.0 NOTE
r-release-macos-x86_64 1.1.0 NOTE
r-release-windows-ix86+x86_64 1.1.0 29.00 122.00 151.00 NOTE
r-oldrel-macos-x86_64 1.1.0 OK
r-oldrel-windows-ix86+x86_64 1.1.0 30.00 131.00 161.00 OK

Check Details

Version: 1.1.0
Check: LazyData
Result: NOTE
     'LazyData' is specified without a 'data' directory
Flavors: r-devel-linux-x86_64-debian-clang, r-devel-linux-x86_64-debian-gcc, r-devel-linux-x86_64-fedora-clang, r-devel-linux-x86_64-fedora-gcc, r-devel-windows-x86_64-new-UL, r-devel-windows-x86_64-new-TK, r-patched-linux-x86_64, r-release-linux-x86_64, r-release-macos-arm64, r-release-macos-x86_64, r-release-windows-ix86+x86_64