Last updated on 2023-02-05 15:55:27 CET.
Flavor | Version | Tinstall | Tcheck | Ttotal | Status | Flags |
---|---|---|---|---|---|---|
r-devel-linux-x86_64-debian-clang | 1.4 | 2.21 | 36.35 | 38.56 | OK | |
r-devel-linux-x86_64-debian-gcc | 1.4 | 1.92 | 27.07 | 28.99 | OK | |
r-devel-linux-x86_64-fedora-clang | 1.4 | 49.78 | NOTE | |||
r-devel-linux-x86_64-fedora-gcc | 1.4 | 57.93 | NOTE | |||
r-devel-windows-x86_64 | 1.4 | 12.00 | 69.00 | 81.00 | OK | |
r-patched-linux-x86_64 | 1.4 | 2.49 | 34.74 | 37.23 | OK | |
r-release-linux-x86_64 | 1.4 | 2.45 | 35.78 | 38.23 | OK | |
r-release-macos-arm64 | 1.4 | 21.00 | NOTE | |||
r-release-macos-x86_64 | 1.4 | 26.00 | NOTE | |||
r-release-windows-x86_64 | 1.4 | 11.00 | 72.00 | 83.00 | OK | |
r-oldrel-macos-arm64 | 1.4 | 30.00 | NOTE | |||
r-oldrel-macos-x86_64 | 1.4 | 33.00 | NOTE | |||
r-oldrel-windows-ix86+x86_64 | 1.4 | 7.00 | 67.00 | 74.00 | OK |
Version: 1.4
Check: dependencies in R code
Result: NOTE
Namespace in Imports field not imported from: ‘FD’
All declared Imports should be used.
Flavors: r-devel-linux-x86_64-fedora-clang, r-devel-linux-x86_64-fedora-gcc, r-release-macos-arm64, r-release-macos-x86_64, r-oldrel-macos-arm64, r-oldrel-macos-x86_64