CRAN Package Check Results for Package SecKW

Last updated on 2022-12-08 15:53:38 CET.

Flavor Version Tinstall Tcheck Ttotal Status Flags
r-devel-linux-x86_64-debian-clang 0.2 2.72 24.01 26.73 NOTE
r-devel-linux-x86_64-debian-gcc 0.2 1.85 19.28 21.13 NOTE
r-devel-linux-x86_64-fedora-clang 0.2 43.91 NOTE
r-devel-linux-x86_64-fedora-gcc 0.2 42.12 NOTE
r-devel-windows-x86_64 0.2 11.00 53.00 64.00 NOTE
r-patched-linux-x86_64 0.2 2.25 22.82 25.07 NOTE
r-release-linux-x86_64 0.2 2.47 22.44 24.91 NOTE
r-release-macos-arm64 0.2 15.00 NOTE
r-release-macos-x86_64 0.2 20.00 NOTE
r-release-windows-x86_64 0.2 10.00 48.00 58.00 NOTE
r-oldrel-macos-arm64 0.2 19.00 NOTE
r-oldrel-macos-x86_64 0.2 27.00 NOTE
r-oldrel-windows-ix86+x86_64 0.2 6.00 49.00 55.00 NOTE

Check Details

Version: 0.2
Check: LazyData
Result: NOTE
     'LazyData' is specified without a 'data' directory
Flavors: r-devel-linux-x86_64-debian-clang, r-devel-linux-x86_64-debian-gcc, r-devel-linux-x86_64-fedora-clang, r-devel-linux-x86_64-fedora-gcc, r-devel-windows-x86_64, r-patched-linux-x86_64, r-release-linux-x86_64, r-release-macos-arm64, r-release-macos-x86_64, r-release-windows-x86_64, r-oldrel-macos-arm64, r-oldrel-macos-x86_64, r-oldrel-windows-ix86+x86_64