CRAN Package Check Results for Package SciViews

Last updated on 2024-07-21 15:53:44 CEST.

Flavor Version Tinstall Tcheck Ttotal Status Flags
r-devel-linux-x86_64-debian-clang 0.9-13.1 2.58 33.37 35.95 OK
r-devel-linux-x86_64-debian-gcc 0.9-13.1 2.64 24.68 27.32 NOTE
r-devel-linux-x86_64-fedora-clang 0.9-13.1 44.81 OK
r-devel-linux-x86_64-fedora-gcc 0.9-13.1 44.50 OK
r-devel-windows-x86_64 0.9-13.1 3.00 48.00 51.00 NOTE
r-patched-linux-x86_64 0.9-13.1 5.52 30.38 35.90 OK
r-release-linux-x86_64 0.9-13.1 2.80 30.60 33.40 OK
r-release-macos-arm64 0.9-13.1 17.00 OK
r-release-macos-x86_64 0.9-13.1 25.00 OK
r-release-windows-x86_64 0.9-13.1 4.00 48.00 52.00 OK
r-oldrel-macos-arm64 0.9-13.1 22.00 OK
r-oldrel-macos-x86_64 0.9-13.1 28.00 OK
r-oldrel-windows-x86_64 0.9-13.1 5.00 54.00 59.00 OK

Check Details

Version: 0.9-13.1
Check: Rd cross-references
Result: NOTE Found the following Rd file(s) with Rd \link{} targets missing package anchors: correlation.Rd: plotcorr panels.Rd: rlm, ellipse pcomp.Rd: cov.mve, cov.mcd Please provide package anchors for all Rd \link{} targets not in the package itself and the base packages. Flavors: r-devel-linux-x86_64-debian-gcc, r-devel-windows-x86_64