CRAN Package Check Results for Package SYNCSA

Last updated on 2024-07-24 03:49:29 CEST.

Flavor Version Tinstall Tcheck Ttotal Status Flags
r-devel-linux-x86_64-debian-clang 1.3.4 9.63 93.27 102.90 OK
r-devel-linux-x86_64-debian-gcc 1.3.4 8.45 69.95 78.40 NOTE
r-devel-linux-x86_64-fedora-clang 1.3.4 129.41 OK
r-devel-linux-x86_64-fedora-gcc 1.3.4 119.34 OK
r-devel-windows-x86_64 1.3.4 10.00 83.00 93.00 NOTE
r-patched-linux-x86_64 1.3.4 13.95 89.97 103.92 OK
r-release-linux-x86_64 1.3.4 9.66 90.25 99.91 OK
r-release-macos-arm64 1.3.4 40.00 OK
r-release-macos-x86_64 1.3.4 58.00 OK
r-release-windows-x86_64 1.3.4 11.00 85.00 96.00 OK
r-oldrel-macos-arm64 1.3.4 40.00 OK
r-oldrel-macos-x86_64 1.3.4 65.00 OK
r-oldrel-windows-x86_64 1.3.4 13.00 100.00 113.00 OK

Check Details

Version: 1.3.4
Check: Rd cross-references
Result: NOTE Found the following Rd file(s) with Rd \link{} targets missing package anchors: cor.matrix.Rd: mantel, mantel.partial, procrustes matrix.x.Rd: gowdis optimal.Rd: gowdis permut.vector.Rd: shuffleSet procrustes.syncsa.Rd: procrustes rao.diversity.Rd: gowdis syncsa.Rd: gowdis, mantel, procrustes, vegdist var.type.Rd: gowdis Please provide package anchors for all Rd \link{} targets not in the package itself and the base packages. Flavors: r-devel-linux-x86_64-debian-gcc, r-devel-windows-x86_64