CRAN Package Check Results for Package SWMPrExtension

Last updated on 2021-10-26 15:51:28 CEST.

Flavor Version Tinstall Tcheck Ttotal Status Flags
r-devel-linux-x86_64-debian-clang 2.1.0 20.32 177.51 197.83 OK
r-devel-linux-x86_64-debian-gcc 2.1.0 19.26 134.61 153.87 OK
r-devel-linux-x86_64-fedora-clang 2.1.0 253.95 NOTE
r-devel-linux-x86_64-fedora-gcc 2.1.0 236.09 OK
r-devel-windows-x86_64 2.1.0 46.00 257.00 303.00 OK
r-devel-windows-x86_64-gcc10-UCRT 2.1.0 OK
r-patched-linux-x86_64 2.1.0 29.80 165.98 195.78 OK
r-patched-solaris-x86 2.1.0 307.80 ERROR
r-release-linux-x86_64 2.1.0 21.50 164.61 186.11 OK
r-release-macos-arm64 2.1.0 OK
r-release-macos-x86_64 2.1.0 OK
r-release-windows-ix86+x86_64 2.1.0 42.00 261.00 303.00 OK
r-oldrel-macos-x86_64 2.1.0 OK
r-oldrel-windows-ix86+x86_64 2.1.0 46.00 189.00 235.00 OK

Check Details

Version: 2.1.0
Check: Rd cross-references
Result: NOTE
    Undeclared package ‘sp’ in Rd xrefs
Flavor: r-devel-linux-x86_64-fedora-clang

Version: 2.1.0
Check: examples
Result: ERROR
    Running examples in ‘SWMPrExtension-Ex.R’ failed
    The error most likely occurred in:
    
    > ### Name: national_sk_map
    > ### Title: Reserve National Map with Seasonal Kendall Results
    > ### Aliases: national_sk_map
    >
    > ### ** Examples
    >
    > ##National map highlighting west coast states and NERRS (including AK)
    > nerr_states_west <- c('02', '06', '41', '53')
    >
    > nerrs_codes <- c('pdb', 'sos', 'sfb', 'elk', 'tjr', 'kac')
    >
    > nerrs_sk_results <- c('inc', 'inc', 'dec', 'insig', 'insuff', 'dec')
    >
    > national_sk_map(highlight_states = nerr_states_west,
    + sk_reserve = nerrs_codes, sk_results = nerrs_sk_results)
    Joining, by = "NERR.Site.ID"
    Warning in CPL_transform(x, crs, aoi, pipeline, reverse, desired_accuracy, :
     GDAL Error 1: No PROJ.4 translation for source SRS, coordinate transformation initialization has failed.
    Error in CPL_transform(x, crs, aoi, pipeline, reverse, desired_accuracy, :
     OGRCreateCoordinateTransformation(): transformation not available
    Calls: national_sk_map ... st_transform.sfc -> st_sfc -> structure -> CPL_transform
    Execution halted
Flavor: r-patched-solaris-x86