CRAN Package Check Results for Package STMotif

Last updated on 2021-10-24 15:51:19 CEST.

Flavor Version Tinstall Tcheck Ttotal Status Flags
r-devel-linux-x86_64-debian-clang 2.0.1 6.19 60.34 66.53 OK
r-devel-linux-x86_64-debian-gcc 2.0.1 4.52 44.25 48.77 OK
r-devel-linux-x86_64-fedora-clang 2.0.1 88.78 NOTE
r-devel-linux-x86_64-fedora-gcc 2.0.1 74.40 NOTE
r-devel-windows-x86_64 2.0.1 11.00 81.00 92.00 OK
r-devel-windows-x86_64-gcc10-UCRT 2.0.1 NOTE
r-patched-linux-x86_64 2.0.1 5.89 54.39 60.28 OK
r-patched-solaris-x86 2.0.1 106.40 NOTE
r-release-linux-x86_64 2.0.1 5.64 54.28 59.92 OK
r-release-macos-arm64 2.0.1 NOTE
r-release-macos-x86_64 2.0.1 NOTE
r-release-windows-ix86+x86_64 2.0.1 11.00 80.00 91.00 OK
r-oldrel-macos-x86_64 2.0.1 NOTE
r-oldrel-windows-ix86+x86_64 2.0.1 17.00 85.00 102.00 OK

Check Details

Version: 2.0.1
Check: dependencies in R code
Result: NOTE
    Namespace in Imports field not imported from: ‘shiny’
     All declared Imports should be used.
Flavors: r-devel-linux-x86_64-fedora-clang, r-devel-linux-x86_64-fedora-gcc, r-devel-windows-x86_64-gcc10-UCRT, r-patched-solaris-x86, r-release-macos-arm64, r-release-macos-x86_64, r-oldrel-macos-x86_64