CRAN Package Check Results for Package SSOSVM

Last updated on 2021-10-24 15:51:19 CEST.

Flavor Version Tinstall Tcheck Ttotal Status Flags
r-devel-linux-x86_64-debian-clang 0.2.1 30.06 26.57 56.63 OK
r-devel-linux-x86_64-debian-gcc 0.2.1 22.49 20.90 43.39 OK
r-devel-linux-x86_64-fedora-clang 0.2.1 97.50 NOTE
r-devel-linux-x86_64-fedora-gcc 0.2.1 79.89 NOTE
r-devel-windows-x86_64 0.2.1 45.00 56.00 101.00 OK
r-devel-windows-x86_64-gcc10-UCRT 0.2.1 NOTE
r-patched-linux-x86_64 0.2.1 31.07 26.02 57.09 OK
r-patched-solaris-x86 0.2.1 86.80 NOTE
r-release-linux-x86_64 0.2.1 27.47 25.91 53.38 OK
r-release-macos-arm64 0.2.1 NOTE
r-release-macos-x86_64 0.2.1 NOTE
r-release-windows-ix86+x86_64 0.2.1 61.00 72.00 133.00 OK
r-oldrel-macos-x86_64 0.2.1 NOTE
r-oldrel-windows-ix86+x86_64 0.2.1 81.00 79.00 160.00 OK

Check Details

Version: 0.2.1
Check: dependencies in R code
Result: NOTE
    Namespace in Imports field not imported from: ‘MASS’
     All declared Imports should be used.
Flavors: r-devel-linux-x86_64-fedora-clang, r-devel-linux-x86_64-fedora-gcc, r-devel-windows-x86_64-gcc10-UCRT, r-patched-solaris-x86, r-release-macos-arm64, r-release-macos-x86_64, r-oldrel-macos-x86_64

Version: 0.2.1
Check: package dependencies
Result: NOTE
    Package suggested but not available for checking: ‘gifski’
Flavor: r-patched-solaris-x86