CRAN Package Check Results for Package SPSP

Last updated on 2022-01-28 04:01:04 CET.

Flavor Version Tinstall Tcheck Ttotal Status Flags
r-devel-linux-x86_64-debian-clang 0.1.0 23.42 84.78 108.20 OK
r-devel-linux-x86_64-debian-gcc 0.1.0 18.10 66.27 84.37 OK
r-devel-linux-x86_64-fedora-clang 0.1.0 134.07 NOTE
r-devel-linux-x86_64-fedora-gcc 0.1.0 120.49 NOTE
r-devel-windows-x86_64-new-UL 0.1.0 32.00 120.00 152.00 OK
r-devel-windows-x86_64-new-TK 0.1.0 NOTE
r-patched-linux-x86_64 0.1.0 20.22 77.49 97.71 OK
r-release-linux-x86_64 0.1.0 20.30 76.90 97.20 OK
r-release-macos-arm64 0.1.0 NOTE
r-release-macos-x86_64 0.1.0 NOTE
r-release-windows-ix86+x86_64 0.1.0 56.00 142.00 198.00 OK
r-oldrel-macos-x86_64 0.1.0 NOTE
r-oldrel-windows-ix86+x86_64 0.1.0 56.00 144.00 200.00 OK

Check Details

Version: 0.1.0
Check: dependencies in R code
Result: NOTE
    Namespace in Imports field not imported from: ‘MASS’
     All declared Imports should be used.
Flavors: r-devel-linux-x86_64-fedora-clang, r-devel-linux-x86_64-fedora-gcc, r-devel-windows-x86_64-new-TK, r-release-macos-arm64, r-release-macos-x86_64, r-oldrel-macos-x86_64