CRAN Package Check Results for Package SPAS

Last updated on 2023-02-01 15:51:38 CET.

Flavor Version Tinstall Tcheck Ttotal Status Flags
r-devel-linux-x86_64-debian-clang 2020.1.1 80.04 113.64 193.68 OK
r-devel-linux-x86_64-debian-gcc 2020.1.1 67.01 87.19 154.20 OK
r-devel-linux-x86_64-fedora-clang 2020.1.1 240.62 OK
r-devel-linux-x86_64-fedora-gcc 2020.1.1 268.03 OK
r-devel-windows-x86_64 2020.1.1 78.00 172.00 250.00 NOTE
r-patched-linux-x86_64 2020.1.1 69.83 110.23 180.06 OK
r-release-linux-x86_64 2020.1.1 72.48 94.83 167.31 OK
r-release-macos-arm64 2020.1.1 63.00 NOTE
r-release-macos-x86_64 2020.1.1 93.00 NOTE
r-release-windows-x86_64 2020.1.1 56.00 168.00 224.00 NOTE
r-oldrel-macos-arm64 2020.1.1 81.00 NOTE
r-oldrel-macos-x86_64 2020.1.1 135.00 NOTE
r-oldrel-windows-ix86+x86_64 2020.1.1 149.00 183.00 332.00 NOTE

Check Details

Version: 2020.1.1
Check: installed package size
Result: NOTE
     installed size is 13.2Mb
     sub-directories of 1Mb or more:
     libs 12.6Mb
Flavors: r-devel-windows-x86_64, r-release-macos-arm64, r-release-macos-x86_64, r-release-windows-x86_64, r-oldrel-macos-arm64, r-oldrel-macos-x86_64, r-oldrel-windows-ix86+x86_64