CRAN Package Check Results for Package SPAS

Last updated on 2024-02-23 15:52:31 CET.

Flavor Version Tinstall Tcheck Ttotal Status Flags
r-devel-linux-x86_64-debian-clang 2024.1.31 OK
r-devel-linux-x86_64-debian-gcc 2024.1.31 84.24 94.65 178.89 OK
r-devel-linux-x86_64-fedora-clang 2024.1.31 259.01 OK
r-devel-linux-x86_64-fedora-gcc 2024.1.31 308.73 OK
r-devel-windows-x86_64 2024.1.31 65.00 125.00 190.00 NOTE
r-patched-linux-x86_64 2024.1.31 97.05 121.79 218.84 OK
r-release-linux-x86_64 2024.1.31 98.32 122.46 220.78 OK
r-release-macos-arm64 2024.1.31 93.00 NOTE
r-release-macos-x86_64 2024.1.31 208.00 NOTE
r-release-windows-x86_64 2024.1.31 81.00 156.00 237.00 NOTE
r-oldrel-macos-arm64 2024.1.31 87.00 NOTE
r-oldrel-windows-x86_64 2024.1.31 76.00 150.00 226.00 NOTE

Check Details

Version: 2024.1.31
Check: installed package size
Result: NOTE installed size is 13.4Mb sub-directories of 1Mb or more: libs 12.7Mb Flavors: r-devel-windows-x86_64, r-release-macos-arm64, r-release-macos-x86_64, r-release-windows-x86_64, r-oldrel-macos-arm64, r-oldrel-windows-x86_64