CRAN Package Check Results for Package SOMbrero

Last updated on 2024-07-18 15:49:13 CEST.

Flavor Version Tinstall Tcheck Ttotal Status Flags
r-devel-linux-x86_64-debian-clang 1.4-2 9.39 120.13 129.52 OK
r-devel-linux-x86_64-debian-gcc 1.4-2 8.24 87.74 95.98 OK
r-devel-linux-x86_64-fedora-clang 1.4-2 159.99 OK
r-devel-linux-x86_64-fedora-gcc 1.4-2 180.98 OK
r-devel-windows-x86_64 1.4-2 12.00 106.00 118.00 NOTE
r-patched-linux-x86_64 1.4-2 14.86 112.99 127.85 OK
r-release-linux-x86_64 1.4-2 9.42 109.76 119.18 OK
r-release-macos-arm64 1.4-2 51.00 OK
r-release-macos-x86_64 1.4-2 85.00 OK
r-release-windows-x86_64 1.4-2 12.00 105.00 117.00 OK
r-oldrel-macos-arm64 1.4-2 61.00 OK
r-oldrel-macos-x86_64 1.4-2 108.00 OK
r-oldrel-windows-x86_64 1.4-2 16.00 130.00 146.00 OK

Check Details

Version: 1.4-2
Check: Rd cross-references
Result: NOTE Found the following Rd file(s) with Rd \link{} targets missing package anchors: superClass.Rd: igraph Please provide package anchors for all Rd \link{} targets not in the package itself and the base packages. Flavor: r-devel-windows-x86_64