CRAN Package Check Results for Package SOMEnv

Last updated on 2022-01-24 15:54:27 CET.

Flavor Version Tinstall Tcheck Ttotal Status Flags
r-devel-linux-x86_64-debian-clang 1.1.2 13.73 112.81 126.54 OK
r-devel-linux-x86_64-debian-gcc 1.1.2 11.64 86.59 98.23 OK
r-devel-linux-x86_64-fedora-clang 1.1.2 156.23 NOTE
r-devel-linux-x86_64-fedora-gcc 1.1.2 151.13 NOTE
r-devel-windows-x86_64-new-UL 1.1.2 39.00 129.00 168.00 OK
r-devel-windows-x86_64-new-TK 1.1.2 NOTE
r-patched-linux-x86_64 1.1.2 13.91 107.28 121.19 OK
r-release-linux-x86_64 1.1.2 10.63 108.44 119.07 OK
r-release-macos-arm64 1.1.2 NOTE
r-release-macos-x86_64 1.1.2 NOTE
r-release-windows-ix86+x86_64 1.1.2 31.00 124.00 155.00 OK
r-oldrel-macos-x86_64 1.1.2 NOTE
r-oldrel-windows-ix86+x86_64 1.1.2 31.00 126.00 157.00 OK

Check Details

Version: 1.1.2
Check: dependencies in R code
Result: NOTE
    Namespace in Imports field not imported from: ‘rlist’
     All declared Imports should be used.
Flavors: r-devel-linux-x86_64-fedora-clang, r-devel-linux-x86_64-fedora-gcc, r-devel-windows-x86_64-new-TK, r-release-macos-arm64, r-release-macos-x86_64, r-oldrel-macos-x86_64