CRAN Package Check Results for Package SIHR

Last updated on 2022-01-23 02:56:25 CET.

Flavor Version Tinstall Tcheck Ttotal Status Flags
r-devel-linux-x86_64-debian-clang 0.2.0 16.72 472.95 489.67 OK
r-devel-linux-x86_64-debian-gcc 0.2.0 9.56 374.12 383.68 OK
r-devel-linux-x86_64-fedora-clang 0.2.0 554.07 NOTE
r-devel-linux-x86_64-fedora-gcc 0.2.0 548.91 NOTE
r-devel-windows-x86_64-new-UL 0.2.0 33.00 468.00 501.00 OK
r-devel-windows-x86_64-new-TK 0.2.0 NOTE
r-patched-linux-x86_64 0.2.0 12.95 449.50 462.45 OK
r-release-linux-x86_64 0.2.0 14.46 503.47 517.93 OK
r-release-macos-arm64 0.2.0 NOTE
r-release-macos-x86_64 0.2.0 NOTE
r-release-windows-ix86+x86_64 0.2.0 35.00 553.00 588.00 OK
r-oldrel-macos-x86_64 0.2.0 NOTE
r-oldrel-windows-ix86+x86_64 0.2.0 35.00 563.00 598.00 OK

Check Details

Version: 0.2.0
Check: dependencies in R code
Result: NOTE
    Namespace in Imports field not imported from: ‘qpdf’
     All declared Imports should be used.
Flavors: r-devel-linux-x86_64-fedora-clang, r-devel-linux-x86_64-fedora-gcc, r-devel-windows-x86_64-new-TK, r-release-macos-arm64, r-release-macos-x86_64, r-oldrel-macos-x86_64