CRAN Package Check Results for Package SIAmodules

Last updated on 2024-07-18 15:49:12 CEST.

Flavor Version Tinstall Tcheck Ttotal Status Flags
r-devel-linux-x86_64-debian-clang 0.1.1 25.36 169.17 194.53 OK
r-devel-linux-x86_64-debian-gcc 0.1.1 17.72 121.36 139.08 OK
r-devel-linux-x86_64-fedora-clang 0.1.1 252.30 NOTE
r-devel-linux-x86_64-fedora-gcc 0.1.1 218.20 OK
r-devel-windows-x86_64 0.1.1 23.00 123.00 146.00 OK
r-patched-linux-x86_64 0.1.1 18.61 156.92 175.53 OK
r-release-linux-x86_64 0.1.1 14.36 146.78 161.14 OK
r-release-macos-arm64 0.1.1 60.00 OK
r-release-macos-x86_64 0.1.1 92.00 OK
r-release-windows-x86_64 0.1.1 19.00 123.00 142.00 OK
r-oldrel-macos-arm64 0.1.1 70.00 OK
r-oldrel-macos-x86_64 0.1.1 169.00 OK
r-oldrel-windows-x86_64 0.1.1 28.00 165.00 193.00 OK

Check Details

Version: 0.1.1
Check: package dependencies
Result: NOTE Imports includes 22 non-default packages. Importing from so many packages makes the package vulnerable to any of them becoming unavailable. Move as many as possible to Suggests and use conditionally. Flavor: r-devel-linux-x86_64-fedora-clang