CRAN Package Check Results for Package SCRSELECT

Last updated on 2022-01-20 03:55:42 CET.

Flavor Version Tinstall Tcheck Ttotal Status Flags
r-devel-linux-x86_64-debian-clang 1.3-3 NOTE
r-devel-linux-x86_64-debian-gcc 1.3-3 61.37 165.26 226.63 NOTE
r-devel-linux-x86_64-fedora-clang 1.3-3 375.60 NOTE
r-devel-linux-x86_64-fedora-gcc 1.3-3 363.12 NOTE
r-devel-windows-x86_64-new-UL 1.3-3 70.00 200.00 270.00 NOTE
r-devel-windows-x86_64-new-TK 1.3-3 NOTE
r-patched-linux-x86_64 1.3-3 68.18 227.16 295.34 NOTE
r-release-linux-x86_64 1.3-3 NOTE
r-release-macos-arm64 1.3-3 NOTE
r-release-macos-x86_64 1.3-3 NOTE
r-release-windows-ix86+x86_64 1.3-3 88.00 220.00 308.00 NOTE
r-oldrel-macos-x86_64 1.3-3 OK
r-oldrel-windows-ix86+x86_64 1.3-3 84.00 220.00 304.00 OK

Check Details

Version: 1.3-3
Check: LazyData
Result: NOTE
     'LazyData' is specified without a 'data' directory
Flavors: r-devel-linux-x86_64-debian-clang, r-devel-linux-x86_64-debian-gcc, r-devel-linux-x86_64-fedora-clang, r-devel-linux-x86_64-fedora-gcc, r-devel-windows-x86_64-new-UL, r-devel-windows-x86_64-new-TK, r-patched-linux-x86_64, r-release-linux-x86_64, r-release-macos-arm64, r-release-macos-x86_64, r-release-windows-ix86+x86_64